{"id":30,"date":"2013-10-28T19:21:45","date_gmt":"2013-10-28T19:21:45","guid":{"rendered":"http:\/\/www.mercedespuertareal.com\/?page_id=30"},"modified":"2019-01-28T21:06:32","modified_gmt":"2019-01-28T19:06:32","slug":"junta-de-gobierno","status":"publish","type":"page","link":"https:\/\/www.mercedespuertareal.com\/?page_id=30","title":{"rendered":"Junta de Gobierno"},"content":{"rendered":"<p><a href=\"https:\/\/www.mercedespuertareal.com\/?attachment_id=3330\" target=\"_blank\" rel=\"noopener\"><img loading=\"lazy\" decoding=\"async\" class=\"alignleft wp-image-3330 size-medium\" src=\"https:\/\/www.mercedespuertareal.com\/wp-content\/uploads\/2018\/03\/junta-gobierno-300x225.jpg\" width=\"300\" height=\"225\" srcset=\"https:\/\/www.mercedespuertareal.com\/wp-content\/uploads\/2018\/03\/junta-gobierno-300x225.jpg 300w, https:\/\/www.mercedespuertareal.com\/wp-content\/uploads\/2018\/03\/junta-gobierno-768x576.jpg 768w, https:\/\/www.mercedespuertareal.com\/wp-content\/uploads\/2018\/03\/junta-gobierno-1024x768.jpg 1024w, https:\/\/www.mercedespuertareal.com\/wp-content\/uploads\/2018\/03\/junta-gobierno.jpg 1280w\" sizes=\"auto, (max-width: 300px) 100vw, 300px\" \/><\/a>La composici\u00f3n de la <span style=\"text-decoration: underline;\">Junta de Gobierno<\/span> tras las elecciones celebradas el pasado 12 de febrero de 2018 queda de la siguiente manera:<\/p>\n<ul>\n<li><strong>Hermano Mayor:<\/strong> Jos\u00e9 Manuel Castro S\u00e1ez<\/li>\n<li><strong>Teniente de Hermano Mayor:<\/strong>\u00a0Francisco Loza Bernal.<\/li>\n<li><strong>Consiliario I:<\/strong> Jes\u00fas Mar\u00eda Calvillo Galisteo<\/li>\n<li><strong>Consiliario II:<\/strong> Manuel Mart\u00edn Fajardo<\/li>\n<li><strong>Consiliario III:<\/strong> Jos\u00e9 Mar\u00eda\u00a0G\u00f3mez Butr\u00f3n y\u00a0Mugica<\/li>\n<li><strong>Fiscal:<\/strong> Jes\u00fas David Loza Valverde<\/li>\n<li><strong>Mayordomo :<\/strong> \u00c1lvaro Fajardo Flores<\/li>\n<li><strong>Secretaria General:<\/strong> Cristina Yanes G\u00f3mez<\/li>\n<li><strong>Prioste I:<\/strong>Rafael Gonz\u00e1lez Barbeyto<\/li>\n<li><strong>Prioste II:<\/strong> Ra\u00fal Molina Garc\u00eda<\/li>\n<li><strong>Diputado de Cultos: <\/strong>Luis Fernando Morales Reina<\/li>\n<li><strong>Los cargos de formaci\u00f3n, Diputado Mayor de Gobierno y Caridad, los ostentar\u00e1n, los consiliarios I,II y III respectivamente.\u00a0<\/strong><\/li>\n<\/ul>\n<p>&nbsp;<\/p>\n<p><span style=\"text-decoration: underline;\"><\/p>\n<div class=\"clear\"><\/div>\n<div class=\"gdl-divider gdl-border-x top\">\n<div class=\"scroll-top\"><\/div>\n<\/div>\n<p><\/span><\/p>\n<p><strong>OTROS CARGOS Y RECONOCIMIENTOS<\/strong><\/p>\n<p><u>\u00a0<\/u><\/p>\n<p><span style=\"text-decoration: underline;\">Camareros del Cristo:<\/span> Alberto Loza Valverde y Ignacio Fajardo Flores<span style=\"text-decoration: underline;\"><br \/>\n<\/span><\/p>\n<p><span style=\"text-decoration: underline;\">Camareras de la Virgen de las Mercedes:<\/span><\/p>\n<ul>\n<li>Mar\u00eda Jos\u00e9 Venegas Gil<\/li>\n<li>Mar\u00eda Jos\u00e9 Valverde Mu\u00f1oz<\/li>\n<li>Carmen L\u00f3pez Pascual<\/li>\n<li>Mar\u00eda Victoria Monta\u00f1ez Benitez<\/li>\n<li>Mercedes Vergara C\u00e1rdenas<\/li>\n<li>Dolores Rodriguez Bonilla<\/li>\n<\/ul>\n<p><span style=\"text-decoration: underline;\">Camareras Honorarias de la Virgen de las Mercedes:<\/span> Comunidad de Religiosas \u00abSiervas de Jes\u00fas de\u00a0 la Caridad\u00bb<\/p>\n<p><span style=\"text-decoration: underline;\"><br \/>\nVestidor:<\/span>\u00a0Jos\u00e9 Manuel Lozano.<\/p>\n<p><span style=\"text-decoration: underline;\">Vestidor de Honor:<\/span>\u00a0Jos\u00e9 Alberto Gardu\u00f1o Navas.<\/p>\n<p><span style=\"text-decoration: underline;\">Capataces de la Virgen de las Mercedes:<\/span> Francisco Loza Bernal y Jos\u00e9 Garc\u00eda Monge.<\/p>\n<div class=\"clear\"><\/div>\n<div class=\"gdl-divider gdl-border-x top\">\n<div class=\"scroll-top\"><\/div>\n<\/div>\n<p><span style=\"text-decoration: underline;\">Hermanos de Honor:<\/span><\/p>\n<ul>\n<li>Excmo. y Rvdmo. Sr. D. Francisco P\u00e9rez Gonz\u00e1lez, Arzobispo de Pamplona.<\/li>\n<li>D. Manuel V\u00e1zquez V\u00e1zquez, Can\u00f3nigo Emerito de la Catedral de Sevilla.<\/li>\n<li>D. Francisco Macaya Floristan.<\/li>\n<li>Gabriel Sol\u00eds P\u00e9rez. Q.E.P.D.<\/li>\n<li>Gabriel Sol\u00eds Carvajal.<\/li>\n<\/ul>\n<p><span style=\"text-decoration: underline;\"><br \/>\nMedalla de Oro:<\/span>\u00a0Fernando Gardu\u00f1o Mart\u00ednez. Q.E.P.D.<\/p>\n","protected":false},"excerpt":{"rendered":"<p>La composici\u00f3n de la Junta de Gobierno tras las elecciones celebradas el pasado 12 de febrero de 2018 queda de la siguiente manera: Hermano Mayor: Jos\u00e9 Manuel Castro S\u00e1ez Teniente de Hermano Mayor:\u00a0Francisco Loza Bernal. Consiliario I: Jes\u00fas Mar\u00eda Calvillo Galisteo Consiliario II: Manuel Mart\u00edn Fajardo Consiliario III: Jos\u00e9 Mar\u00eda\u00a0G\u00f3mez Butr\u00f3n y\u00a0Mugica Fiscal: Jes\u00fas David Loza Valverde Mayordomo : \u00c1lvaro Fajardo Flores Secretaria General: Cristina Yanes G\u00f3mez Prioste I:Rafael Gonz\u00e1lez Barbeyto Prioste II: Ra\u00fal Molina Garc\u00eda Diputado de Cultos: Luis Fernando Morales Reina Los cargos de formaci\u00f3n, Diputado Mayor de Gobierno y Caridad, los ostentar\u00e1n, los consiliarios I,II y III respectivamente.\u00a0 &nbsp; OTROS CARGOS Y RECONOCIMIENTOS \u00a0 Camareros del Cristo: Alberto Loza Valverde y Ignacio Fajardo Flores Camareras de la Virgen de las Mercedes: Mar\u00eda Jos\u00e9 Venegas Gil Mar\u00eda Jos\u00e9 Valverde Mu\u00f1oz Carmen L\u00f3pez Pascual Mar\u00eda Victoria Monta\u00f1ez Benitez Mercedes Vergara C\u00e1rdenas Dolores Rodriguez Bonilla Camareras Honorarias de la Virgen de las Mercedes: Comunidad de Religiosas \u00abSiervas de Jes\u00fas de\u00a0 la Caridad\u00bb Vestidor:\u00a0Jos\u00e9 Manuel Lozano. Vestidor de Honor:\u00a0Jos\u00e9 Alberto Gardu\u00f1o Navas. Capataces de la Virgen de las Mercedes: Francisco Loza Bernal y Jos\u00e9 Garc\u00eda Monge. Hermanos de Honor: Excmo. y Rvdmo. Sr. D. Francisco P\u00e9rez Gonz\u00e1lez, Arzobispo de Pamplona. D. Manuel V\u00e1zquez V\u00e1zquez, Can\u00f3nigo Emerito de la Catedral de Sevilla. D. Francisco Macaya Floristan. Gabriel Sol\u00eds P\u00e9rez. Q.E.P.D. Gabriel Sol\u00eds Carvajal. Medalla de Oro:\u00a0Fernando Gardu\u00f1o Mart\u00ednez. Q.E.P.D.<\/p>\n","protected":false},"author":19,"featured_media":3531,"parent":0,"menu_order":0,"comment_status":"closed","ping_status":"closed","template":"","meta":{"footnotes":""},"class_list":["post-30","page","type-page","status-publish","has-post-thumbnail","hentry"],"_links":{"self":[{"href":"https:\/\/www.mercedespuertareal.com\/index.php?rest_route=\/wp\/v2\/pages\/30","targetHints":{"allow":["GET"]}}],"collection":[{"href":"https:\/\/www.mercedespuertareal.com\/index.php?rest_route=\/wp\/v2\/pages"}],"about":[{"href":"https:\/\/www.mercedespuertareal.com\/index.php?rest_route=\/wp\/v2\/types\/page"}],"author":[{"embeddable":true,"href":"https:\/\/www.mercedespuertareal.com\/index.php?rest_route=\/wp\/v2\/users\/19"}],"replies":[{"embeddable":true,"href":"https:\/\/www.mercedespuertareal.com\/index.php?rest_route=%2Fwp%2Fv2%2Fcomments&post=30"}],"version-history":[{"count":24,"href":"https:\/\/www.mercedespuertareal.com\/index.php?rest_route=\/wp\/v2\/pages\/30\/revisions"}],"predecessor-version":[{"id":3532,"href":"https:\/\/www.mercedespuertareal.com\/index.php?rest_route=\/wp\/v2\/pages\/30\/revisions\/3532"}],"wp:featuredmedia":[{"embeddable":true,"href":"https:\/\/www.mercedespuertareal.com\/index.php?rest_route=\/wp\/v2\/media\/3531"}],"wp:attachment":[{"href":"https:\/\/www.mercedespuertareal.com\/index.php?rest_route=%2Fwp%2Fv2%2Fmedia&parent=30"}],"curies":[{"name":"wp","href":"https:\/\/api.w.org\/{rel}","templated":true}]}}