{"id":542,"date":"2013-11-11T09:05:46","date_gmt":"2013-11-11T09:05:46","guid":{"rendered":"http:\/\/www.mercedespuertareal.com\/?page_id=542"},"modified":"2013-11-16T23:33:03","modified_gmt":"2013-11-16T23:33:03","slug":"nuestra-senora-de-las-mercedes","status":"publish","type":"page","link":"https:\/\/www.mercedespuertareal.com\/?page_id=542","title":{"rendered":"Nuestra Se\u00f1ora de las Mercedes Coronada"},"content":{"rendered":"<p style=\"text-align: justify;\"><span style=\"text-decoration: underline;\"><img loading=\"lazy\" decoding=\"async\" class=\"alignright  wp-image-1072\" title=\"Ntra. Sra. de las Mercedes Coronada\" alt=\"Ntra. Sra. de las Mercedes Coronada\" src=\"https:\/\/www.mercedespuertareal.com\/wp-content\/uploads\/2013\/11\/IMG_9372-.jpg\" width=\"302\" height=\"454\" srcset=\"https:\/\/www.mercedespuertareal.com\/wp-content\/uploads\/2013\/11\/IMG_9372-.jpg 700w, https:\/\/www.mercedespuertareal.com\/wp-content\/uploads\/2013\/11\/IMG_9372--200x300.jpg 200w, https:\/\/www.mercedespuertareal.com\/wp-content\/uploads\/2013\/11\/IMG_9372--682x1024.jpg 682w\" sizes=\"auto, (max-width: 302px) 100vw, 302px\" \/>Referencia art\u00edstica<\/span><\/p>\n<p style=\"text-align: justify;\">Titular de la Hermandad y de la Capilla, Patrona del barrio de la Puerta Real. Esta imagen debe su aspecto actual a Lu\u00eds \u00c1lvarez Duarte, quien la remodel\u00f3 sustancialmente en 1969 cuando este artista contaba la jovenc\u00edsima edad de 20 a\u00f1os, adquiriendo entonces la fisonom\u00eda que hoy ofrece. La restaur\u00f3 nuevamente en el 2000.<\/p>\n<p style=\"text-align: justify;\">En su precedente aspecto era de autor desconocido, m\u00e1s devota que art\u00edstica, pero con una cierta e ingenua dulzura. Tiene tama\u00f1o menor del natural. Va un poco inclinada hacia adelante como las Dolorosas de Semana Santa, pero con expresi\u00f3n sonriente y grandes ojos negros, que destacan mucho dentro del menudo \u00f3valo de su cara.<\/p>\n<p style=\"text-align: justify;\">Destaca el detalle importante de que es una de las pocas V\u00edrgenes de Gloria procesionales que no muestran al Ni\u00f1o Jes\u00fas en sus brazos. En la delantera del paso s\u00ed aparece un Ni\u00f1o exento; su cabeza fue tambi\u00e9n renovada por Duarte, pero ni en tama\u00f1o ni en estilo se corresponde con la figura de la Virgen.<\/p>\n<p style=\"text-align: justify;\">La gran devoci\u00f3n que suscita, se apoya sobre la circunstancia de que su capilla constituye uno de los escasos \u00abtabern\u00e1culos p\u00fablicos\u00bb que a\u00fan quedan en nuestra ciudad, siendo a su barrio lo mismo que la Pura y Limpia al Postigo.<\/p>\n<p style=\"text-align: justify;\">Restauraciones: En 2000 el Convenio con la Caja San Fernando otorg\u00f3 una ayuda de 200.000 pts. y \u00c1lvarez Duarte vuelve a intervenir en la imagen para un proceso estrictamente de resanamiento y conservaci\u00f3n. Tras dos meses de duraci\u00f3n, las tareas quedaron concluidas el 12 de septiembre, con antelaci\u00f3n suficiente para los cultos de la Virgen, justo cuando el d\u00eda 24 se le iba a imponer la medalla de oro de la Ciudad.<\/p>\n<p style=\"text-align: justify;\"><span style=\"text-decoration: underline;\">Iconograf\u00eda<\/span><\/p>\n<p style=\"text-align: justify;\">La Sant\u00edsima Virgen aparece de pie con las manos abiertas, en la t\u00edpica posici\u00f3n de las dolorosas. En la mano derecha porta el cetro y en la izquierda habitualmente el rosario y una azucena. Aparece ataviada con corona, r\u00e1faga y media luna.<\/p>\n<p style=\"text-align: justify;\">Hasta el a\u00f1o 2013, la Virgen carec\u00eda de los atributos propios de la iconograf\u00eda de la Merced que por influjo quiz\u00e1 de las mismas dolorosas de Semana Santa, esta efigie abandon\u00f3 a finales de los a\u00f1os 60.<\/p>\n<p style=\"text-align: justify;\">Durante la salida procesional la Virgen lleva el escapulario mercedario, escapulario de mano, manto blanco y en su mano izquierda, unos grilletes. Al reservarse estos elementos para el d\u00eda de la procesi\u00f3n, el resto del a\u00f1o la Virgen aparece vestida con el resto del ajuar que posee en diferente tonalidades seg\u00fan el tiempo lit\u00fargico y sin perder por lo menos el escapulario de mano en el lado derecho y los grilletes en el izquierdo.<\/p>\n","protected":false},"excerpt":{"rendered":"<p>Referencia art\u00edstica Titular de la Hermandad y de la Capilla, Patrona del barrio de la Puerta Real. Esta imagen debe su aspecto actual a Lu\u00eds \u00c1lvarez Duarte, quien la remodel\u00f3 sustancialmente en 1969 cuando este artista contaba la jovenc\u00edsima edad de 20 a\u00f1os, adquiriendo entonces la fisonom\u00eda que hoy ofrece. La restaur\u00f3 nuevamente en el 2000. En su precedente aspecto era de autor desconocido, m\u00e1s devota que art\u00edstica, pero con una cierta e ingenua dulzura. Tiene tama\u00f1o menor del natural. Va un poco inclinada hacia adelante como las Dolorosas de Semana Santa, pero con expresi\u00f3n sonriente y grandes ojos negros, que destacan mucho dentro del menudo \u00f3valo de su cara. Destaca el detalle importante de que es una de las pocas V\u00edrgenes de Gloria procesionales que no muestran al Ni\u00f1o Jes\u00fas en sus brazos. En la delantera del paso s\u00ed aparece un Ni\u00f1o exento; su cabeza fue tambi\u00e9n renovada por Duarte, pero ni en tama\u00f1o ni en estilo se corresponde con la figura de la Virgen. La gran devoci\u00f3n que suscita, se apoya sobre la circunstancia de que su capilla constituye uno de los escasos \u00abtabern\u00e1culos p\u00fablicos\u00bb que a\u00fan quedan en nuestra ciudad, siendo a su barrio lo mismo que la Pura y Limpia al Postigo. Restauraciones: En 2000 el Convenio con la Caja San Fernando otorg\u00f3 una ayuda de 200.000 pts. y \u00c1lvarez Duarte vuelve a intervenir en la imagen para un proceso estrictamente de resanamiento y conservaci\u00f3n. Tras dos meses de duraci\u00f3n, las tareas quedaron concluidas el 12 de septiembre, con antelaci\u00f3n suficiente para los cultos de la Virgen, justo cuando el d\u00eda 24 se le iba a imponer la medalla de oro de la Ciudad. Iconograf\u00eda La Sant\u00edsima Virgen aparece de pie con las manos abiertas, en la t\u00edpica posici\u00f3n de las dolorosas. En la mano derecha porta el cetro y en la izquierda habitualmente el rosario y una azucena. Aparece ataviada con corona, r\u00e1faga y media luna. Hasta el a\u00f1o 2013, la Virgen carec\u00eda de los atributos propios de la iconograf\u00eda de la Merced que por influjo quiz\u00e1 de las mismas dolorosas de Semana Santa, esta efigie abandon\u00f3 a finales de los a\u00f1os 60. Durante la salida procesional la Virgen lleva el escapulario mercedario, escapulario de mano, manto blanco y en su mano izquierda, unos grilletes. Al reservarse estos elementos para el d\u00eda de la procesi\u00f3n, el resto del a\u00f1o la Virgen aparece vestida con el resto del ajuar que posee en diferente tonalidades seg\u00fan el tiempo lit\u00fargico y sin perder por lo menos el escapulario de mano en el lado derecho y los grilletes en el izquierdo.<\/p>\n","protected":false},"author":19,"featured_media":0,"parent":0,"menu_order":0,"comment_status":"closed","ping_status":"closed","template":"","meta":{"footnotes":""},"class_list":["post-542","page","type-page","status-publish","hentry"],"_links":{"self":[{"href":"https:\/\/www.mercedespuertareal.com\/index.php?rest_route=\/wp\/v2\/pages\/542","targetHints":{"allow":["GET"]}}],"collection":[{"href":"https:\/\/www.mercedespuertareal.com\/index.php?rest_route=\/wp\/v2\/pages"}],"about":[{"href":"https:\/\/www.mercedespuertareal.com\/index.php?rest_route=\/wp\/v2\/types\/page"}],"author":[{"embeddable":true,"href":"https:\/\/www.mercedespuertareal.com\/index.php?rest_route=\/wp\/v2\/users\/19"}],"replies":[{"embeddable":true,"href":"https:\/\/www.mercedespuertareal.com\/index.php?rest_route=%2Fwp%2Fv2%2Fcomments&post=542"}],"version-history":[{"count":8,"href":"https:\/\/www.mercedespuertareal.com\/index.php?rest_route=\/wp\/v2\/pages\/542\/revisions"}],"predecessor-version":[{"id":3798,"href":"https:\/\/www.mercedespuertareal.com\/index.php?rest_route=\/wp\/v2\/pages\/542\/revisions\/3798"}],"wp:attachment":[{"href":"https:\/\/www.mercedespuertareal.com\/index.php?rest_route=%2Fwp%2Fv2%2Fmedia&parent=542"}],"curies":[{"name":"wp","href":"https:\/\/api.w.org\/{rel}","templated":true}]}}

Nuestra Señora de las Mercedes Coronada

<p style="text-align: justify;"><span style="text-decoration: underline;"><img loading="lazy" decoding="async" class="alignright  wp-image-1072" title="Ntra. Sra. de las Mercedes Coronada" alt="Ntra. Sra. de las Mercedes Coronada" src="https://www.mercedespuertareal.com/wp-content/uploads/2013/11/IMG_9372-.jpg" width="302" height="454" srcset="https://www.mercedespuertareal.com/wp-content/uploads/2013/11/IMG_9372-.jpg 700w, https://www.mercedespuertareal.com/wp-content/uploads/2013/11/IMG_9372--200x300.jpg 200w, https://www.mercedespuertareal.com/wp-content/uploads/2013/11/IMG_9372--682x1024.jpg 682w" sizes="auto, (max-width: 302px) 100vw, 302px" />Referencia artística</span></p>
<p style="text-align: justify;">Titular de la Hermandad y de la Capilla, Patrona del barrio de la Puerta Real. Esta imagen debe su aspecto actual a Luís Álvarez Duarte, quien la remodeló sustancialmente en 1969 cuando este artista contaba la jovencísima edad de 20 años, adquiriendo entonces la fisonomía que hoy ofrece. La restauró nuevamente en el 2000.</p>
<p style="text-align: justify;">En su precedente aspecto era de autor desconocido, más devota que artística, pero con una cierta e ingenua dulzura. Tiene tamaño menor del natural. Va un poco inclinada hacia adelante como las Dolorosas de Semana Santa, pero con expresión sonriente y grandes ojos negros, que destacan mucho dentro del menudo óvalo de su cara.</p>
<p style="text-align: justify;">Destaca el detalle importante de que es una de las pocas Vírgenes de Gloria procesionales que no muestran al Niño Jesús en sus brazos. En la delantera del paso sí aparece un Niño exento; su cabeza fue también renovada por Duarte, pero ni en tamaño ni en estilo se corresponde con la figura de la Virgen.</p>
<p style="text-align: justify;">La gran devoción que suscita, se apoya sobre la circunstancia de que su capilla constituye uno de los escasos «tabernáculos públicos» que aún quedan en nuestra ciudad, siendo a su barrio lo mismo que la Pura y Limpia al Postigo.</p>
<p style="text-align: justify;">Restauraciones: En 2000 el Convenio con la Caja San Fernando otorgó una ayuda de 200.000 pts. y Álvarez Duarte vuelve a intervenir en la imagen para un proceso estrictamente de resanamiento y conservación. Tras dos meses de duración, las tareas quedaron concluidas el 12 de septiembre, con antelación suficiente para los cultos de la Virgen, justo cuando el día 24 se le iba a imponer la medalla de oro de la Ciudad.</p>
<p style="text-align: justify;"><span style="text-decoration: underline;">Iconografía</span></p>
<p style="text-align: justify;">La Santísima Virgen aparece de pie con las manos abiertas, en la típica posición de las dolorosas. En la mano derecha porta el cetro y en la izquierda habitualmente el rosario y una azucena. Aparece ataviada con corona, ráfaga y media luna.</p>
<p style="text-align: justify;">Hasta el año 2013, la Virgen carecía de los atributos propios de la iconografía de la Merced que por influjo quizá de las mismas dolorosas de Semana Santa, esta efigie abandonó a finales de los años 60.</p>
<p style="text-align: justify;">Durante la salida procesional la Virgen lleva el escapulario mercedario, escapulario de mano, manto blanco y en su mano izquierda, unos grilletes. Al reservarse estos elementos para el día de la procesión, el resto del año la Virgen aparece vestida con el resto del ajuar que posee en diferente tonalidades según el tiempo litúrgico y sin perder por lo menos el escapulario de mano en el lado derecho y los grilletes en el izquierdo.</p>

<p>Referencia artística Titular de la Hermandad y de la Capilla, Patrona del barrio de la Puerta Real. Esta imagen debe su aspecto actual a Luís Álvarez Duarte, quien la remodeló sustancialmente en 1969 cuando este artista contaba la jovencísima edad de 20 años, adquiriendo entonces la fisonomía que hoy ofrece. La restauró nuevamente en el 2000. En su precedente aspecto era de autor desconocido, más devota que artística, pero con una cierta e ingenua dulzura. Tiene tamaño menor del natural. Va un poco inclinada hacia adelante como las Dolorosas de Semana Santa, pero con expresión sonriente y grandes ojos negros, que destacan mucho dentro del menudo óvalo de su cara. Destaca el detalle importante de que es una de las pocas Vírgenes de Gloria procesionales que no muestran al Niño Jesús en sus brazos. En la delantera del paso sí aparece un Niño exento; su cabeza fue también renovada por Duarte, pero ni en tamaño ni en estilo se corresponde con la figura de la Virgen. La gran devoción que suscita, se apoya sobre la circunstancia de que su capilla constituye uno de los escasos «tabernáculos públicos» que aún quedan en nuestra ciudad, siendo a su barrio lo mismo que la Pura y Limpia al Postigo. Restauraciones: En 2000 el Convenio con la Caja San Fernando otorgó una ayuda de 200.000 pts. y Álvarez Duarte vuelve a intervenir en la imagen para un proceso estrictamente de resanamiento y conservación. Tras dos meses de duración, las tareas quedaron concluidas el 12 de septiembre, con antelación suficiente para los cultos de la Virgen, justo cuando el día 24 se le iba a imponer la medalla de oro de la Ciudad. Iconografía La Santísima Virgen aparece de pie con las manos abiertas, en la típica posición de las dolorosas. En la mano derecha porta el cetro y en la izquierda habitualmente el rosario y una azucena. Aparece ataviada con corona, ráfaga y media luna. Hasta el año 2013, la Virgen carecía de los atributos propios de la iconografía de la Merced que por influjo quizá de las mismas dolorosas de Semana Santa, esta efigie abandonó a finales de los años 60. Durante la salida procesional la Virgen lleva el escapulario mercedario, escapulario de mano, manto blanco y en su mano izquierda, unos grilletes. Al reservarse estos elementos para el día de la procesión, el resto del año la Virgen aparece vestida con el resto del ajuar que posee en diferente tonalidades según el tiempo litúrgico y sin perder por lo menos el escapulario de mano en el lado derecho y los grilletes en el izquierdo.</p>
